f 281115838?
3
What is the tens digit of 39893651?
5
What is the tens digit of 48379521?
2
What is the tens digit of 1694454119?
1
What is the thousands digit of 13232461?
2
What is the ten thousands digit of 577058620?
5
What is the ten millions digit of 35949521?
3
What is the hundreds digit of 4664862?
8
What is the millions digit of 1475109855?
5
What is the millions digit of 2117145354?
7
What is the hundred thousands digit of 48205645?
2
What is the millions digit of 118595649?
8
What is the units digit of 4988994591?
1
What is the ten thousands digit of 41216127?
1
What is the tens digit of 39851160?
6
What is the tens digit of 3256665090?
9
What is the ten thousands digit of 726704316?
0
What is the tens digit of 395992019?
1
What is the thousands digit of 55700139?
0
What is the millions digit of 669337651?
9
What is the tens digit of 330374181?
8
What is the hundred thousands digit of 7328524?
3
What is the millions digit of 65800710?
5
What is the millions digit of 437165519?
7
What is the units digit of 77543236?
6
What is the units digit of 321850886?
6
What is the hundreds digit of 95766548?
5
What is the units digit of 4328758289?
9
What is the hundreds digit of 3251461867?
8
What is the ten millions digit of 27251390?
2
What is the units digit of 881932001?
1
What is the units digit of 552727461?
1
What is the thousands digit of 226805150?
5
What is the ten millions digit of 61587431?
6
What is the thousands digit of 34542760?
2
What is the hundred millions digit of 392928384?
3
What is the ten thousands digit of 425243420?
4
What is the hundreds digit of 1789491413?
4
What is the millions digit of 427767572?
7
What is the units digit of 14175324?
4
What is the thousands digit of 13900409?
0
What is the hundreds digit of 3001605538?
5
What is the units digit of 97534552?
2
What is the thousands digit of 53824345?
4
What is the hundred thousands digit of 95335509?
3
What is the millions digit of 5707891?
5
What is the millions digit of 57893511?
7
What is the units digit of 246290498?
8
What is the tens digit of 2082454593?
9
What is the hundred millions digit of 207872919?
2
What is the ten thousands digit of 32922218?
2
What is the tens digit of 66203081?
8
What is the millions digit of 23768575?
3
What is the millions digit of 922421117?
2
What is the ten thousands digit of 995082711?
8
What is the thousands digit of 783694854?
4
What is the hundreds digit of 215993236?
2
What is the millions digit of 30400018?
0
What is the units digit of 60564792?
2
What is the ten millions digit of 1597018972?
9
What is the ten millions digit of 288834303?
8
What is the hundreds digit of 514109?
1
What is the units digit of 441101512?
2
What is the hundred millions digit of 443449686?
4
What is the millions digit of 1867406?
1
What is the ten thousands digit of 986235785?
3
What is the hundreds digit of 182276691?
6
What is the units digit of 279701001?
1
What is the units digit of 729850462?
2
What is the hundreds digit of 1598395561?
5
What is the ten millions digit of 2222945679?
2
What is the units digit of 246310255?
5
What is the ten thousands digit of 315906785?
0
What is the units digit of 63593996?
6
What is the tens digit of 132902796?
9
What is the ten millions digit of 406915224?
0
What is the hundreds digit of 15646064?
0
What is the millions digit of 105295530?
5
What is the millions digit of 76725106?
6
What is the thousands digit of 217068743?
8
What is the millions digit of 1121729447?
1
What is the hundred thousands digit of 40033751?
0
What is the hundreds digit of 403494261?
2
What is the units digit of 113802825?
5
What is the ten thousands digit of 1829075039?
7
What is the tens digit of 5922251292?
9
What is the ten thousands digit of 376441978?
4
What is the ten millions digit of 197875878?
9
What is the thousands digit of 970577673?
7
What is the ten millions digit of 15050014?
1
What is the millions digit of 5192650?
5
What is the billions digit of 1362078434?
1
What is the ten thousands digit of 1247451064?
5
What is the units digit of 8663159206?
6
What is the millions digit of 40405383?
0
What is the thousands digit of 155383315?
3
What is the hundred millions digit of 112269344?
1
What is the hundred millions digit of 345503176?
3
What is the millions digit of 1287208500?
7
What is the tens digit of 203604370?
7
What is the hundred thousands digit of 1229055599?
0
What is the ten millions digit of 394378508?
9
What is the hundreds digit of 342039860?
8
What is the units digit of 49746549?
9
What is the units digit of 2516322350?
0
What is the tens digit of 1865451?
5
What is the ten millions digit of 20193356?
2
What is the thousands digit of 48735169?
5
What is the ten thousands digit of 193472933?
7
What is the hundred thousands digit of 4316755909?
7
What is the billions digit of 2307102466?
2
What is the thousands digit of 3263531392?
1
What is the hundred thousands digit of 22664615?
6
What is the millions digit of 367812569?
7
What is the tens digit of 17719605?
0
What is the hundred millions digit of 463493682?
4
What is the billions digit of 1220427760?
1
What is the millions digit of 1015239770?
5
What is the hundred millions digit of 667836904?
6
What is the hundreds digit of 721488679?
6
What is the hundred thousands digit of 43515140?
5
What is the hundred millions digit of 1652379634?
6
What is the ten thousands digit of 2568816508?
1
What is the hundreds digit of 2826364077?
0
What is the ten thousands digit of 69352371?
5
What is the billions digit of 6014359199?
6
What is the hundred thousands digit of 228388584?
3
What is the hundreds digit of 388690993?
9
What is the tens digit of 16859450?
5
What is the units digit of 6089019?
9
What is the ten thousands digit of 221887386?
8
What is the thousands digit of 234289080?
9
What is the thousands digit of 533512595?
2
What is the ten thousands digit of 114885136?
8
What is the ten thousands digit of 113947646?
4
What is the ten millions digit of 197530597?
9
What is the tens digit of 500106979?
7
What is the units digit of 38947934?
4
What is the hundred thousands digit of 283635358?
6
What is the ten thousands digit of 60559356?
5
What is the tens digit of 3414853721?
2
What is the units digit of 41378896?
6
What is the ten millions digit of 99942168?
9
What is the hundreds digit of 439171498?
4
What is the billions digit of 2288668975?
2
What is the thousands digit of 226796929?
6
What is the ten millions digit of 4330314795?
3
What is the hundreds digit of 1581235233?
2
What is the units digit of 313115515?
5
What is the tens digit of 147020667?
6
What is the millions digit of 48766073?
8
What is the hundreds digit of 3932339410?
4
What is the units digit of 488681984?
4
What is the units digit of 28743533?
3
What is the tens digit of 6072144731?
3
What is the units digit of 74146627?
7
What is the units digit of 148799260?
0
What is the units digit of 9320131?
1
What is the hundreds digit of 616827107?
1
What is the units digit of 564945702?
2
What is the hundred millions digit of 187241741?
1
What is the millions digit of 133093728?
3
What is the millions digit of 388251127?
8
What is the ten millions digit of 183865598?
8
What is the thousands digit of 1071847?
1
What is the tens digit of 65287078?
7
What is the tens digit of 34555087?
8
What is the ten millions digit of 1900102023?
0
What is the ten millions digit of 167084875?
6
What is the ten thousands digit of 82044862?
4
What is the hundred thousands digit of 24940776?
9
What is the units digit of 204138044?
4
What is the ten millions digit of 412880753?
1
What is the millions digit of 64951172?
4
What is the hundreds digit of 497632562?
5
What is the billions digit of 1139899325?
1
What is the units digit of 221308984?
4
What is the units digit of 146985176?
6
What is the units digit of 340306234?
4
What is the thousands digit of 293378717?
8
What is the ten thousands digit of 27509472?
0
What is the hundreds digit of 247952050?
0
What is the thousands digit of 689258110?
8
What is the units digit of 21828680?
0
What is the thousands digit of 69202?
9
What is the ten millions digit of 220358230?
2
What is the ten thousands digit of 71201636?
0
What is the billions digit of 297257